 24 - 1 - (395 + -378 - (17 - -9)).
32
(10 - (8 - 9 - (-43 - (-4 + -2)))) + 1
-25
What is the value of -44 + (-124 - -82) + 67?
-19
Calculate (1 + -30 + 50 - -56) + (-1 - 12).
64
Evaluate -67 + 115 - (-2 - -32).
18
What is 19 + 13 + (-15 - (18 - -18))?
-19
What is -106 - 18 - -133 - (-9 - -2)?
16
Evaluate 2 - 69 - (-63 - -122 - 64).
-62
108 + 26 + -192 + -2
-60
What is 3 - ((0 - -5 - 60) + 4) - 4?
50
What is the value of -6 + 17 + -2 + (21 - 38)?
-8
29 - (11 + 18 + -23)
23
What is the value of -47 + -1 - (7398 - 7321) - (-24 - 0)?
-101
Evaluate -16 - (28 - (25 + -17)).
-36
What is -1 - 79 - (1294 - 1347)?
-27
Evaluate (-2 - -6) + -53 + (17 - -4).
-28
What is -544 - -547 - ((-5 - -1) + 6 + 12) - 9?
-20
2254 - 2265 - (2 + (-2 - -1) + -47)
35
1 - (4 + -4 + -47 - (6 + -1 + -8))
45
Evaluate 25 - (-5 + -6 + (4 - -26)).
6
What is -50 + -45 + 31 + 33?
-31
Evaluate (-49 + 108 - 61) + (0 - 10) - 23.
-35
What is (88 - -3) + (-4 - (-125 + 112))?
100
What is the value of (3 + -9 - (7 - -2)) + -15 + 22?
-8
What is the value of 184 - 109 - 89 - (-3 + 2 + -1)?
-12
What is the value of 11 + -5 + (-27 + -2 - (-284 - -281))?
-20
Calculate 3 + 3 + (-8 - -3 - -4) + -22.
-17
What is (5 - (3 + -2) - 4) + -62 + 40?
-22
What is the value of 18 - (-21 + 23) - 16 - 45?
-45
Evaluate (-39 - 1) + 10 + -11 - (-1035 + 1040).
-46
What is (-49 - (19 + (-22 - 25))) + 77?
56
-53 - (-453 + 427 - (2 - 6))
-31
Evaluate -13 + (2 - 18) + -2 + -3.
-34
207 + -178 - (-20 + 2) - (-2 - -15)
34
What is 27 + -49 - (36 - (-5 - -8))?
-55
What is 139 + -31 + -36 + 40?
112
What is the value of 43 - ((7 - 12) + 48) - (19 + -5 + 3)?
-17
Calculate -74 + 0 - (3022 - 3063).
-33
Calculate (-6 - -13 - -90 - 0) + -3 + 2 + 13.
109
Calculate -7 + (1 - -27 - (-29 + (74 + -45 - -11))).
10
What is (0 - 1 - 4) + 3 + (5 - 9) - 24?
-30
Calculate -3 + (-7 - 6) + -22 + (-4 - 2).
-44
-813 + 783 - (0 - (2 + 11)) - 6
-23
What is the value of 2 + 12 + (-66 - -33) + 79?
60
What is (10 + (0 - 5) - 11) + 17 + -271 + 247?
-13
(-10 - (9 + -21 + (2 - -50))) + 7
-43
Calculate (1 - 28) + (1578 - 1508) + -50.
-7
What is the value of 23 - -3 - (43 - 56)?
39
What is 17 + (-17 - (56 + -39))?
-17
What is 18 - (-53 + 66 - 29)?
34
What is the value of (-47 - -8) + 79 - 80 - -142?
102
Evaluate 36 - (7 - -20) - ((2 - 9) + 7 + -9).
18
Calculate -29 - 43 - (-24 - 16).
-32
What is the value of (-74 + 108 - -74) + -34?
74
(-16 + 4 - 19) + 41
10
Evaluate 1 + (24 - 1) - ((-5 - -18) + -5).
16
(-230 - -242) + (7 - 102)
-83
-15 - ((-8 - -22) + -26) - (-83 + 3 + -4)
81
11429 + -11467 + (-13 - (0 + -1))
-50
What is the value of 11 - (-8 - (-58 - (5 + -11)))?
-33
What is 15 + -5 + (49 - 50) + (0 + 1 - 63)?
-53
Calculate 14 + -2 - (12 - (80 - 29)).
51
What is the value of 5 + -9 + -22 + (-12 - -12 - -7)?
-19
Calculate 6 + (-2 + -24 - (46 + -39)).
-27
-85 + 46 - ((4 + -17 - -6) + 1)
-33
What is (2 - 118 - -28) + (4 - (8 + -2))?
-90
-36 - (135 - (15 + 87))
-69
-202 - -206 - ((4 - 1) + -7 + -51) - 9
50
What is -96 + (2 - (-38 - 30))?
-26
Calculate (-34 - -55) + (6 + -57 - -4).
-26
What is -10 + 22 + -45 + (0 - -3 - -8)?
-22
What is the value of (-69 - (-30 - -62)) + 79?
-22
What is the value of (62 - 44) + (-5 - -1) + -12 + 15?
17
Evaluate -2 + (-87 - (-11 - 0 - -11)) + 4 + 5.
-80
-2 + (-24 - -2 - -60)
36
What is the value of -55 - -127 - (5 - 19 - -18)?
68
What is 30 + -20 + -11 - (-45 + -5)?
49
What is 14 + -31 + 29 + 4 + 4?
20
What is 16 + 4 + (47 - -2) + (-14 - 1)?
54
What is 23 - (17 + (24 - 23) - -9)?
-4
-42 + -15 + (-47 - -59)
-45
Calculate -1 + -4 + 3 + (7 - 5 - -9) - 76.
-67
(9 + 1 + 3 - 8) + -40
-35
Evaluate -64 - (16 - (-30 + 11 + 7) - 13).
-79
(23 - 46 - -24) + (-2 - -8)
7
What is (-3 - -56) + 808 + -842?
19
(4 - (9 + -4 - 69)) + -647 + 643
64
3 - ((-11 - 111) + 45)
80
Calculate 20 - (21 + -30 + (-5 - 1) + 25).
10
Evaluate 30 - (-9 - (-16 - (16 - 20))).
27
Calculate 12 + (-6 - -4) + -7 + -1 + (6 - -24).
32
Calculate -53 + 7 + -1 + 34.
-13
What is 5 + (13 - (30 - 9 - 10) - -6)?
13
Evaluate -1 + 76 - (24 - 2 - (201 + -50 + -123)).
81
What is 27 - (-19 - (19 + -17)) - 3?
45
Evaluate -4 - ((-7 + 5 - 9) + (47 - 21)).
-19
What is the value of (-43 - -118 - 39) + -15 + 1?
22
Evaluate -14 + (-1 - -10 - -5) + 4 - 10.
-6
Evaluate (-10 - 6) + -1 + 13 + -8 + 71.
59
Calculate 2 + 0 - (-13 - ((6 - 6) + -13) - 28).
30
-7 - ((-2 - (6 + -2)) + 28)
-29
What is 31 + -129 + -4 - -125?
23
Evaluate (127 + 21 - 170) + (-4 + 3 - 111).
-134
What is 27 + -12 + 57 - 106?
-34
-2 + -66 + -53 + 185
64
Evaluate 2 + (-5 - (-8 + 5)) + 13 + 22.
35
What is (10 - 4 - -3) + -10 + (1 - 7)?
-7
Calculate 20 - 73 - -91 - (-1 - (15 - -1)).
55
-10 - (-12 + -1 + -30) - -1
34
-35 + 75 + -21 - (6 - 21)
34
What is 5431 + -5424 - (-2 - (-29 - ((-2 - -2) + 0)))?
-20
What is (2 - 1) + (21 - (10 + -6)) - (2559 - 2562)?
21
What is 24 - -3 - (98 - 103) - 24?
8
(132 - (-19 + -3 - -23 - -12)) + 0 + 2
121
28 - (-21 + 2 + 70 + -25)
2
What is -9 - (-25 + 13) - (1 + -2)?
4
Calculate (-162 + 214 - (-4 + 35)) + (1 - 13 - -1).
10
What is the value of -9 - (-21 - ((-38 - -20) + 1))?
-5
Calculate (32 - -1) + 140 + -114 - 20.
39
Evaluate (-32 - -18) + -33 + 9 + -5.
-43
What is the value of 46 + -48 - (8 + -21 - -67)?
-56
What is (76 + 126 - 104) + 0 + 18 + 3?
119
Calculate 13 + -8 + (4 - 0) + 2 + -123 + 122.
10
What is the value of -1 + -9 + 15 - (5 - 9) - (-25 + 16)?
18
What is the value of (-120 - 0) + -60 + 0 + 26 + 56?
-98
(38 - 128 - -101) + -1 + -29 + -1
-20
-3 + (24 - -2) + (-76 - -131) - (0 + 0)
78
(16 - 1) + (-27 + 72 - 10) + -129
-79
What is (76 - 55) + 153 + -81?
93
Evaluate (-59 - (-72 - -71)) + 77.
19
Calculate 7 - -1 - (42 + -2 + -29).
-3
Evaluate -6469 - -6412 - (-4 - (1 + -1)).
-53
Calculate -54 + -29 + 8 + 17.
-58
What is the value of (-149 - -170) + (2 + -8 - (-3 - 5)) + 9?
32
What is -67 - (54 - (116 + -37))?
-42
What is the value of 21 + (12 - 95) + (2 - -4) + -4?
-60
Evaluate -32 - 4 - (-593 - -506).
51
Evaluate 0 - (0 + 17 + -2) - (22 + -29).
-8
(-3 - 2) + 38 + (-5 - (-8 + 28) - -11)
19
(-3 - -5) + 5 + (18 - 12) - 75
-62
What is -75 + 69 + 21 + 1 - -5 - -12?
33
-9 + (1 + -4 - -10) + 6 - 39
-35
Evaluate -2 + -25 + 0 + 9 + 14 + -23.
-27
Evaluate 198 + -103 + -208 + 174.
61
Evaluate (-2 - 1 - (-9 + -1)) + (-84 - -59).
-18
What is the value of (29 - 12 - -2) + -61 + 60?
18
What is the value of -11 + 36 + (380 - 505)?
-100
Calculate -110 + 6 + -3 + 11 + (3 - 20).
-113
What is the value of -10 - 0 - (2 + -46 - (-11 - -32))?
55
Calculate -46 - (-29 + 24 + 31 - 128).
56
Evaluate 17 + -12 - 32 - -15 - (-4 + 16 + -1).
-23
What is the value of -2 - 38 - (203 + -219)?
-24
(22 - (73 - 31)) + -10 + -4
-34
Evaluate 4 - -7 - 3 - 13 - (37 - 31).
-11
Evaluate 9 + (-4 - (23 + (-24 - -11))) - -36.
31
73 - 27 - 7 - (11 + (-4 - -1) + -4)
35
Calculate (2 + -2 - (-28 + 12 + (4 - 25))) + 6.
43
What is -174 - (-118 - -4) - -108?
48
Calculate -69 - (5 + -2) - (15 + -22 - -17).
-82
What is the value of (-181 - -21) + 177 - (-1 - -24)?
-6
Calculate -9 + -24 + 8 + -7 + 31 - (2 + 2).
-5
Calculate 267 + 139 + -436 - (1 + -18 - 0).
-13
(-46 - -66) + 42 - 28
34
What is 31 - (-142 + 150 - ((32 - 1) + -7))?
47
Evaluate 17 - (-102 - -102 - (-2 - -5)) - -72.
92
Evaluate -45 + (24 + -3 - 23 - 26).
-73
What is the value of 162 + (24 - (54 - -14 - -4))?
114
What is the value of -29 - (-2 + (4 + 9 - 13) + 11)?
-38
-142 - ((-88 - -26) + 15)
-95
Evaluate -92 + 63 - (-94 + -15).
80
What is the value of 72 - (905 + -915 + (-1 - 2 - (-20 - -7)))?
72
What is the value of (6 - 0) + (8 - 3) - ((8 - -9) + 73)?
-79
What is the value of (0 - 63 - 2) + (-26 - -24 - (125 + -117))?
-75
What is the value of 3 - 11 - (-78 + 33 + 39 + -7 + 0)?
5
What is 2 + -12 - (-21 + 11 + 12 + 46)?
-58
Evaluate (-27 - 16 - -42) + (0 - -51).
50
Calculate (-43 + -2 - 6) + (-23 - -6) + 2.
-66
What is the value of -5 - (179 + -105 + -108)?
29
Calculate -1 - -8 - (37 + (-3 - (19 + 14))).
6
Calculate (4 + (-9 - -9) - -4) + -54.
-46
Evaluate 1 + 4 - -36 - (7 + 24 + -11 + -11).
32
Calculate (-1 - 6) + -8 - (-7 + 3) - (9 - 0).
-20
2369 - 2293 - (0 + 176)
-100
-34 + 99 + -7 + -53
5
47 + -7 + -33 - (0 - 11) - 94
-76
Calculate -41 + -154 + 253 + -111.
-53
Evaluate (164 - -27 - 263) + 2 + -36.
-106
(5 - 6 - 25 - -70) + 0 + -5
39
What is the value of -5 - (1 